{"id":2,"date":"2016-04-04T18:46:20","date_gmt":"2016-04-04T17:46:20","guid":{"rendered":"http:\/\/espace-eau.com\/?page_id=2"},"modified":"2024-10-03T13:48:49","modified_gmt":"2024-10-03T11:48:49","slug":"accueil","status":"publish","type":"page","link":"https:\/\/espace-eau.com\/","title":{"rendered":"Accueil"},"content":{"rendered":"<div id=\"pl-2\"  class=\"panel-layout\" ><div id=\"pg-2-0\"  class=\"panel-grid panel-no-style\" ><div id=\"pgc-2-0-0\"  class=\"panel-grid-cell\" ><div id=\"panel-2-0-0-0\" class=\"so-panel widget widget_sow-editor panel-first-child panel-last-child\" data-index=\"0\" ><div class=\"accueilTexte panel-widget-style panel-widget-style-for-2-0-0-0\" ><div\n\t\t\t\n\t\t\tclass=\"so-widget-sow-editor so-widget-sow-editor-base\"\n\t\t\t\n\t\t><h3 class=\"widget-title\">Espace et Eau<\/h3>\n<div class=\"siteorigin-widget-tinymce textwidget\">\n\t<p>La r\u00e9alisation de Piscines \u00e0 usage public, aussi bien que priv\u00e9, constitue historiquement la base de l\u2019activit\u00e9 d'Espace et Eau.<\/p>\n<p>Au fil du temps, et pour r\u00e9pondre \u00e0 la demande de nos clients, nous avons \u00e9tendu notre offre \u00e0 l\u2019am\u00e9nagement d\u2019espaces d\u00e9tente \u00e9quip\u00e9s de Spas, de Hammams, principalement carrel\u00e9s, et de Saunas.<\/p>\n<p>Notre magasin est ouvert du lundi au samedi de 9h \u00e0 12h et de 14h \u00e0 19h pour la p\u00e9riode d'avril \u00e0 septembre et<br \/>\ndu lundi au vendredi de 9h \u00e0 14h et de 14h \u00e0 18h pour la p\u00e9riode d'octobre \u00e0 mars.<\/p>\n<\/div>\n<\/div><\/div><\/div><\/div><\/div><div id=\"pg-2-1\"  class=\"panel-grid panel-no-style\" ><div id=\"pgc-2-1-0\"  class=\"panel-grid-cell\" ><div id=\"panel-2-1-0-0\" class=\"so-panel widget widget_text panel-first-child panel-last-child\" data-index=\"1\" >\t\t\t<div class=\"textwidget\"><hr\/>\n<\/div>\n\t\t<\/div><\/div><\/div><div id=\"pg-2-2\"  class=\"panel-grid panel-no-style\" ><div id=\"pgc-2-2-0\"  class=\"panel-grid-cell\" ><div id=\"panel-2-2-0-0\" class=\"so-panel widget widget_text panel-first-child panel-last-child\" data-index=\"2\" ><h3 class=\"widget-title\">Nos partenaires<\/h3>\t\t\t<div class=\"textwidget\"><\/div>\n\t\t<\/div><\/div><\/div><div id=\"pg-2-3\"  class=\"panel-grid panel-no-style\" ><div id=\"pgc-2-3-0\"  class=\"panel-grid-cell\" ><div class=\"partner panel-cell-style panel-cell-style-for-2-3-0\" ><div id=\"panel-2-3-0-0\" class=\"so-panel widget widget_sow-image panel-first-child panel-last-child\" data-index=\"3\" ><div class=\"panel-widget-style panel-widget-style-for-2-3-0-0\" ><div\n\t\t\t\n\t\t\tclass=\"so-widget-sow-image so-widget-sow-image-default-dbf295114b96-2\"\n\t\t\t\n\t\t>\n\n<div class=\"sow-image-container\">\n\t\t\t<a href=\"http:\/\/maytronics.fr\/\"\n\t\t\ttarget=\"_blank\" rel=\"noopener noreferrer\" \t\t>\n\t\t\t<img loading=\"lazy\" decoding=\"async\" src=\"https:\/\/espace-eau.com\/wp-content\/uploads\/2016\/11\/elite-dealer.png\" width=\"361\" height=\"186\" srcset=\"https:\/\/espace-eau.com\/wp-content\/uploads\/2016\/11\/elite-dealer.png 361w, https:\/\/espace-eau.com\/wp-content\/uploads\/2016\/11\/elite-dealer-300x155.png 300w\" sizes=\"(max-width: 361px) 100vw, 361px\" title=\"maytronics\" alt=\"logo partenaire espace et eau maytronics\" \t\tclass=\"so-widget-image\"\/>\n\t<\/a><\/div>\n\n<\/div><\/div><\/div><\/div><\/div><div id=\"pgc-2-3-1\"  class=\"panel-grid-cell\" ><div class=\"partner panel-cell-style panel-cell-style-for-2-3-1\" ><div id=\"panel-2-3-1-0\" class=\"so-panel widget widget_sow-image panel-first-child panel-last-child\" data-index=\"4\" ><div class=\"panel-widget-style panel-widget-style-for-2-3-1-0\" ><div\n\t\t\t\n\t\t\tclass=\"so-widget-sow-image so-widget-sow-image-default-a258e6bfa2d8-2\"\n\t\t\t\n\t\t>\n\n<div class=\"sow-image-container\">\n\t\t\t<a href=\"http:\/\/www.syclope.fr\/\"\n\t\t\ttarget=\"_blank\" rel=\"noopener noreferrer\" \t\t>\n\t\t\t<img loading=\"lazy\" decoding=\"async\" src=\"https:\/\/espace-eau.com\/wp-content\/uploads\/2016\/04\/syclop.jpg\" width=\"1200\" height=\"630\" srcset=\"https:\/\/espace-eau.com\/wp-content\/uploads\/2016\/04\/syclop.jpg 1200w, https:\/\/espace-eau.com\/wp-content\/uploads\/2016\/04\/syclop-300x158.jpg 300w, https:\/\/espace-eau.com\/wp-content\/uploads\/2016\/04\/syclop-768x403.jpg 768w, https:\/\/espace-eau.com\/wp-content\/uploads\/2016\/04\/syclop-1024x538.jpg 1024w\" sizes=\"(max-width: 1200px) 100vw, 1200px\" title=\"syclope\" alt=\"logo partenaire Espace et Eau  syclope electronique\" \t\tclass=\"so-widget-image\"\/>\n\t<\/a><\/div>\n\n<\/div><\/div><\/div><\/div><\/div><div id=\"pgc-2-3-2\"  class=\"panel-grid-cell\" ><div class=\"partner panel-cell-style panel-cell-style-for-2-3-2\" ><div id=\"panel-2-3-2-0\" class=\"so-panel widget widget_sow-image panel-first-child panel-last-child\" data-index=\"5\" ><div class=\"panel-widget-style panel-widget-style-for-2-3-2-0\" ><div\n\t\t\t\n\t\t\tclass=\"so-widget-sow-image so-widget-sow-image-default-a258e6bfa2d8-2\"\n\t\t\t\n\t\t>\n\n<div class=\"sow-image-container\">\n\t\t\t<a href=\"http:\/\/www.bayrol.fr\/\"\n\t\t\ttarget=\"_blank\" rel=\"noopener noreferrer\" \t\t>\n\t\t\t<img loading=\"lazy\" decoding=\"async\" src=\"https:\/\/espace-eau.com\/wp-content\/uploads\/2016\/11\/ceyrol.png\" width=\"213\" height=\"59\" sizes=\"(max-width: 213px) 100vw, 213px\" title=\"bayrol\" alt=\"logo partenaire Espace et Eau bayrol\" \t\tclass=\"so-widget-image\"\/>\n\t<\/a><\/div>\n\n<\/div><\/div><\/div><\/div><\/div><\/div><div id=\"pg-2-4\"  class=\"panel-grid panel-has-style\" ><div class=\"panel-row-style panel-row-style-for-2-4\" ><div id=\"pgc-2-4-0\"  class=\"panel-grid-cell\" ><div class=\"partner panel-cell-style panel-cell-style-for-2-4-0\" ><div id=\"panel-2-4-0-0\" class=\"so-panel widget widget_sow-image panel-first-child panel-last-child\" data-index=\"6\" ><div class=\"panel-widget-style panel-widget-style-for-2-4-0-0\" ><div\n\t\t\t\n\t\t\tclass=\"so-widget-sow-image so-widget-sow-image-default-a258e6bfa2d8-2\"\n\t\t\t\n\t\t>\n\n<div class=\"sow-image-container\">\n\t\t\t<a href=\"http:\/\/www.astralpool.com\/fr\/\"\n\t\t\ttarget=\"_blank\" rel=\"noopener noreferrer\" \t\t>\n\t\t\t<img loading=\"lazy\" decoding=\"async\" src=\"https:\/\/espace-eau.com\/wp-content\/uploads\/2016\/11\/fluidra-group-1.png\" width=\"500\" height=\"119\" srcset=\"https:\/\/espace-eau.com\/wp-content\/uploads\/2016\/11\/fluidra-group-1.png 500w, https:\/\/espace-eau.com\/wp-content\/uploads\/2016\/11\/fluidra-group-1-300x71.png 300w\" sizes=\"(max-width: 500px) 100vw, 500px\" title=\"fluidra-group\" alt=\"logo partenaire Espace et Eau AstralPool\" \t\tclass=\"so-widget-image\"\/>\n\t<\/a><\/div>\n\n<\/div><\/div><\/div><\/div><\/div><div id=\"pgc-2-4-1\"  class=\"panel-grid-cell\" ><div class=\"partner panel-cell-style panel-cell-style-for-2-4-1\" ><div id=\"panel-2-4-1-0\" class=\"so-panel widget widget_sow-image panel-first-child panel-last-child\" data-index=\"7\" ><div class=\"panel-widget-style panel-widget-style-for-2-4-1-0\" ><div\n\t\t\t\n\t\t\tclass=\"so-widget-sow-image so-widget-sow-image-default-dbf295114b96-2\"\n\t\t\t\n\t\t>\n\n<div class=\"sow-image-container\">\n\t\t\t<a href=\"http:\/\/mareva.fr\/eu-fr\/\"\n\t\t\ttarget=\"_blank\" rel=\"noopener noreferrer\" \t\t>\n\t\t\t<img loading=\"lazy\" decoding=\"async\" src=\"https:\/\/espace-eau.com\/wp-content\/uploads\/2016\/04\/mareva.png\" width=\"380\" height=\"100\" srcset=\"https:\/\/espace-eau.com\/wp-content\/uploads\/2016\/04\/mareva.png 380w, https:\/\/espace-eau.com\/wp-content\/uploads\/2016\/04\/mareva-300x79.png 300w\" sizes=\"(max-width: 380px) 100vw, 380px\" alt=\"logo partenaire Espace et Eau Mareva\" \t\tclass=\"so-widget-image\"\/>\n\t<\/a><\/div>\n\n<\/div><\/div><\/div><\/div><\/div><div id=\"pgc-2-4-2\"  class=\"panel-grid-cell\" ><div class=\"partner panel-cell-style panel-cell-style-for-2-4-2\" ><div id=\"panel-2-4-2-0\" class=\"so-panel widget widget_sow-image panel-first-child panel-last-child\" data-index=\"8\" ><div class=\"panel-widget-style panel-widget-style-for-2-4-2-0\" ><div\n\t\t\t\n\t\t\tclass=\"so-widget-sow-image so-widget-sow-image-default-a258e6bfa2d8-2\"\n\t\t\t\n\t\t>\n\n<div class=\"sow-image-container\">\n\t\t\t<a href=\"http:\/\/www.pool-technologie.com\/\"\n\t\t\ttarget=\"_blank\" rel=\"noopener noreferrer\" \t\t>\n\t\t\t<img loading=\"lazy\" decoding=\"async\" src=\"https:\/\/espace-eau.com\/wp-content\/uploads\/2016\/04\/pool-technologie.gif\" width=\"224\" height=\"110\" sizes=\"(max-width: 224px) 100vw, 224px\" alt=\"logo partenaire Espace et Eau Pool Technologie\" \t\tclass=\"so-widget-image\"\/>\n\t<\/a><\/div>\n\n<\/div><\/div><\/div><\/div><\/div><\/div><\/div><div id=\"pg-2-5\"  class=\"panel-grid panel-has-style\" ><div class=\"panel-row-style panel-row-style-for-2-5\" ><div id=\"pgc-2-5-0\"  class=\"panel-grid-cell\" ><div class=\"partner panel-cell-style panel-cell-style-for-2-5-0\" ><div id=\"panel-2-5-0-0\" class=\"so-panel widget widget_sow-image panel-first-child panel-last-child\" data-index=\"9\" ><div\n\t\t\t\n\t\t\tclass=\"so-widget-sow-image so-widget-sow-image-default-dbf295114b96-2\"\n\t\t\t\n\t\t>\n\n<div class=\"sow-image-container\">\n\t\t\t<a href=\"http:\/\/www.propiscines.fr\/\"\n\t\t\ttarget=\"_blank\" rel=\"noopener noreferrer\" \t\t>\n\t\t\t<img loading=\"lazy\" decoding=\"async\" src=\"https:\/\/espace-eau.com\/wp-content\/uploads\/2016\/11\/fpp-1.png\" width=\"406\" height=\"191\" srcset=\"https:\/\/espace-eau.com\/wp-content\/uploads\/2016\/11\/fpp-1.png 406w, https:\/\/espace-eau.com\/wp-content\/uploads\/2016\/11\/fpp-1-300x141.png 300w\" sizes=\"(max-width: 406px) 100vw, 406px\" title=\"fpp\" alt=\"logo partenaire Espace et Eau Propiscines FPP\" \t\tclass=\"so-widget-image\"\/>\n\t<\/a><\/div>\n\n<\/div><\/div><\/div><\/div><div id=\"pgc-2-5-1\"  class=\"panel-grid-cell panel-grid-cell-mobile-last\" ><div class=\"partner panel-cell-style panel-cell-style-for-2-5-1\" ><div id=\"panel-2-5-1-0\" class=\"so-panel widget widget_sow-image panel-first-child panel-last-child\" data-index=\"10\" ><div class=\"panel-widget-style panel-widget-style-for-2-5-1-0\" ><div\n\t\t\t\n\t\t\tclass=\"so-widget-sow-image so-widget-sow-image-default-a258e6bfa2d8-2\"\n\t\t\t\n\t\t>\n\n<div class=\"sow-image-container\">\n\t\t\t<a href=\"http:\/\/www.cecpiscine.com\/\"\n\t\t\ttarget=\"_blank\" rel=\"noopener noreferrer\" \t\t>\n\t\t\t<img loading=\"lazy\" decoding=\"async\" src=\"https:\/\/espace-eau.com\/wp-content\/uploads\/2016\/11\/cec.jpg\" width=\"119\" height=\"49\" sizes=\"(max-width: 119px) 100vw, 119px\" alt=\"logo partenaire Espace et Eau CEC\" \t\tclass=\"so-widget-image\"\/>\n\t<\/a><\/div>\n\n<\/div><\/div><\/div><\/div><\/div><div id=\"pgc-2-5-2\"  class=\"panel-grid-cell panel-grid-cell-empty\" ><div class=\"partner panel-cell-style panel-cell-style-for-2-5-2\" ><\/div><\/div><\/div><\/div><\/div>","protected":false},"excerpt":{"rendered":"<p>La r\u00e9alisation de Piscines \u00e0 usage public, aussi bien que priv\u00e9, constitue historiquement la base de l\u2019activit\u00e9 d&rsquo;Espace et Eau. Au fil du temps, et pour r\u00e9pondre \u00e0 la demande de nos clients, nous avons \u00e9tendu notre offre \u00e0 l\u2019am\u00e9nagement d\u2019espaces d\u00e9tente \u00e9quip\u00e9s de Spas, de Hammams, principalement carrel\u00e9s, et de Saunas. Notre magasin est [&hellip;]<\/p>\n","protected":false},"author":1,"featured_media":0,"parent":0,"menu_order":0,"comment_status":"closed","ping_status":"open","template":"","meta":{"jetpack_post_was_ever_published":false,"footnotes":""},"class_list":["post-2","page","type-page","status-publish","czr-hentry"],"yoast_head":"<!-- This site is optimized with the Yoast SEO plugin v23.5 - https:\/\/yoast.com\/wordpress\/plugins\/seo\/ -->\n<title>Accueil - Espace et eau<\/title>\n<meta name=\"description\" content=\"Espace et Eau : vente et r\u00e9alisations de piscines, spas, hammams et saunas, d&#039;accessoires et produits d&#039;entretiens, pour particuliers et professionnels.\" \/>\n<meta name=\"robots\" content=\"index, follow, max-snippet:-1, max-image-preview:large, max-video-preview:-1\" \/>\n<link rel=\"canonical\" href=\"https:\/\/espace-eau.com\/\" \/>\n<meta property=\"og:locale\" content=\"fr_FR\" \/>\n<meta property=\"og:type\" content=\"article\" \/>\n<meta property=\"og:title\" content=\"Accueil - Espace et eau\" \/>\n<meta property=\"og:description\" content=\"Espace et Eau : vente et r\u00e9alisations de piscines, spas, hammams et saunas, d&#039;accessoires et produits d&#039;entretiens, pour particuliers et professionnels.\" \/>\n<meta property=\"og:url\" content=\"https:\/\/espace-eau.com\/\" \/>\n<meta property=\"og:site_name\" content=\"Espace et eau\" \/>\n<meta property=\"article:modified_time\" content=\"2024-10-03T11:48:49+00:00\" \/>\n<meta name=\"twitter:card\" content=\"summary_large_image\" \/>\n<meta name=\"twitter:label1\" content=\"Dur\u00e9e de lecture estim\u00e9e\" \/>\n\t<meta name=\"twitter:data1\" content=\"3 minutes\" \/>\n<script type=\"application\/ld+json\" class=\"yoast-schema-graph\">{\"@context\":\"https:\/\/schema.org\",\"@graph\":[{\"@type\":\"WebPage\",\"@id\":\"https:\/\/espace-eau.com\/\",\"url\":\"https:\/\/espace-eau.com\/\",\"name\":\"Accueil - Espace et eau\",\"isPartOf\":{\"@id\":\"https:\/\/espace-eau.com\/#website\"},\"datePublished\":\"2016-04-04T17:46:20+00:00\",\"dateModified\":\"2024-10-03T11:48:49+00:00\",\"description\":\"Espace et Eau : vente et r\u00e9alisations de piscines, spas, hammams et saunas, d'accessoires et produits d'entretiens, pour particuliers et professionnels.\",\"breadcrumb\":{\"@id\":\"https:\/\/espace-eau.com\/#breadcrumb\"},\"inLanguage\":\"fr-FR\",\"potentialAction\":[{\"@type\":\"ReadAction\",\"target\":[\"https:\/\/espace-eau.com\/\"]}]},{\"@type\":\"BreadcrumbList\",\"@id\":\"https:\/\/espace-eau.com\/#breadcrumb\",\"itemListElement\":[{\"@type\":\"ListItem\",\"position\":1,\"name\":\"Accueil\",\"item\":\"https:\/\/espace-eau.com\/\"},{\"@type\":\"ListItem\",\"position\":2,\"name\":\"Accueil\"}]},{\"@type\":\"WebSite\",\"@id\":\"https:\/\/espace-eau.com\/#website\",\"url\":\"https:\/\/espace-eau.com\/\",\"name\":\"Espace et eau\",\"description\":\"Savoir-faire, Experience\",\"potentialAction\":[{\"@type\":\"SearchAction\",\"target\":{\"@type\":\"EntryPoint\",\"urlTemplate\":\"https:\/\/espace-eau.com\/?s={search_term_string}\"},\"query-input\":{\"@type\":\"PropertyValueSpecification\",\"valueRequired\":true,\"valueName\":\"search_term_string\"}}],\"inLanguage\":\"fr-FR\"}]}<\/script>\n<!-- \/ Yoast SEO plugin. -->","yoast_head_json":{"title":"Accueil - Espace et eau","description":"Espace et Eau : vente et r\u00e9alisations de piscines, spas, hammams et saunas, d'accessoires et produits d'entretiens, pour particuliers et professionnels.","robots":{"index":"index","follow":"follow","max-snippet":"max-snippet:-1","max-image-preview":"max-image-preview:large","max-video-preview":"max-video-preview:-1"},"canonical":"https:\/\/espace-eau.com\/","og_locale":"fr_FR","og_type":"article","og_title":"Accueil - Espace et eau","og_description":"Espace et Eau : vente et r\u00e9alisations de piscines, spas, hammams et saunas, d'accessoires et produits d'entretiens, pour particuliers et professionnels.","og_url":"https:\/\/espace-eau.com\/","og_site_name":"Espace et eau","article_modified_time":"2024-10-03T11:48:49+00:00","twitter_card":"summary_large_image","twitter_misc":{"Dur\u00e9e de lecture estim\u00e9e":"3 minutes"},"schema":{"@context":"https:\/\/schema.org","@graph":[{"@type":"WebPage","@id":"https:\/\/espace-eau.com\/","url":"https:\/\/espace-eau.com\/","name":"Accueil - Espace et eau","isPartOf":{"@id":"https:\/\/espace-eau.com\/#website"},"datePublished":"2016-04-04T17:46:20+00:00","dateModified":"2024-10-03T11:48:49+00:00","description":"Espace et Eau : vente et r\u00e9alisations de piscines, spas, hammams et saunas, d'accessoires et produits d'entretiens, pour particuliers et professionnels.","breadcrumb":{"@id":"https:\/\/espace-eau.com\/#breadcrumb"},"inLanguage":"fr-FR","potentialAction":[{"@type":"ReadAction","target":["https:\/\/espace-eau.com\/"]}]},{"@type":"BreadcrumbList","@id":"https:\/\/espace-eau.com\/#breadcrumb","itemListElement":[{"@type":"ListItem","position":1,"name":"Accueil","item":"https:\/\/espace-eau.com\/"},{"@type":"ListItem","position":2,"name":"Accueil"}]},{"@type":"WebSite","@id":"https:\/\/espace-eau.com\/#website","url":"https:\/\/espace-eau.com\/","name":"Espace et eau","description":"Savoir-faire, Experience","potentialAction":[{"@type":"SearchAction","target":{"@type":"EntryPoint","urlTemplate":"https:\/\/espace-eau.com\/?s={search_term_string}"},"query-input":{"@type":"PropertyValueSpecification","valueRequired":true,"valueName":"search_term_string"}}],"inLanguage":"fr-FR"}]}},"jetpack_sharing_enabled":true,"jetpack_shortlink":"https:\/\/wp.me\/P82Z4T-2","_links":{"self":[{"href":"https:\/\/espace-eau.com\/index.php\/wp-json\/wp\/v2\/pages\/2"}],"collection":[{"href":"https:\/\/espace-eau.com\/index.php\/wp-json\/wp\/v2\/pages"}],"about":[{"href":"https:\/\/espace-eau.com\/index.php\/wp-json\/wp\/v2\/types\/page"}],"author":[{"embeddable":true,"href":"https:\/\/espace-eau.com\/index.php\/wp-json\/wp\/v2\/users\/1"}],"replies":[{"embeddable":true,"href":"https:\/\/espace-eau.com\/index.php\/wp-json\/wp\/v2\/comments?post=2"}],"version-history":[{"count":50,"href":"https:\/\/espace-eau.com\/index.php\/wp-json\/wp\/v2\/pages\/2\/revisions"}],"predecessor-version":[{"id":283,"href":"https:\/\/espace-eau.com\/index.php\/wp-json\/wp\/v2\/pages\/2\/revisions\/283"}],"wp:attachment":[{"href":"https:\/\/espace-eau.com\/index.php\/wp-json\/wp\/v2\/media?parent=2"}],"curies":[{"name":"wp","href":"https:\/\/api.w.org\/{rel}","templated":true}]}}